by 802?
798
What is the remainder when 543516 is divided by 181008?
492
Calculate the remainder when 6950975 is divided by 1390180.
75
Calculate the remainder when 46372115 is divided by 558700.
15
Calculate the remainder when 398206 is divided by 7235.
281
What is the remainder when 3268747 is divided by 272394?
19
Calculate the remainder when 32976 is divided by 85.
81
What is the remainder when 86966 is divided by 909?
611
Calculate the remainder when 76694 is divided by 225.
194
Calculate the remainder when 458913 is divided by 725.
713
Calculate the remainder when 314084 is divided by 104646.
146
Calculate the remainder when 24320330 is divided by 12160159.
12
Calculate the remainder when 34509801 is divided by 238.
39
Calculate the remainder when 9893049 is divided by 43.
39
Calculate the remainder when 2311988 is divided by 489.
485
What is the remainder when 417982 is divided by 5573?
7
Calculate the remainder when 42504939 is divided by 7535.
4
What is the remainder when 16028853 is divided by 62?
55
Calculate the remainder when 46471628 is divided by 22.
16
What is the remainder when 5547187 is divided by 21?
16
Calculate the remainder when 480042 is divided by 28216.
370
What is the remainder when 305031 is divided by 2140?
1151
Calculate the remainder when 65559618 is divided by 20.
18
Calculate the remainder when 433025 is divided by 15858.
4859
Calculate the remainder when 257967 is divided by 405.
387
Calculate the remainder when 22311554 is divided by 111.
110
What is the remainder when 7612599 is divided by 1233?
57
What is the remainder when 292632 is divided by 62?
54
Calculate the remainder when 6873898 is divided by 78.
70
What is the remainder when 123549 is divided by 326?
321
Calculate the remainder when 433512 is divided by 39409.
13
Calculate the remainder when 2434750 is divided by 11994.
11962
Calculate the remainder when 28161 is divided by 1033.
270
Calculate the remainder when 5660255 is divided by 16.
15
Calculate the remainder when 5842883 is divided by 5842867.
16
Calculate the remainder when 207708 is divided by 4236.
144
Calculate the remainder when 891829 is divided by 2373.
1954
What is the remainder when 17521 is divided by 1767?
1618
What is the remainder when 854982 is divided by 24380?
1682
What is the remainder when 12332923 is divided by 2265?
2263
Calculate the remainder when 250037 is divided by 95.
92
Calculate the remainder when 15971677 is divided by 189.
43
Calculate the remainder when 5106 is divided by 24.
18
Calculate the remainder when 84467 is divided by 240.
227
Calculate the remainder when 649947 is divided by 129988.
7
What is the remainder when 6704722 is divided by 38?
2
What is the remainder when 21025 is divided by 5878?
3391
Calculate the remainder when 49714 is divided by 16336.
706
Calculate the remainder when 201205 is divided by 99917.
1371
What is the remainder when 160705807 is divided by 86868?
7
Calculate the remainder when 750863 is divided by 46927.
31
What is the remainder when 306446 is divided by 102131?
53
What is the remainder when 266998 is divided by 88109?
2671
Calculate the remainder when 43418 is divided by 8626.
288
What is the remainder when 39647411 is divided by 1572?
1571
Calculate the remainder when 758414 is divided by 47398.
46
What is the remainder when 36751 is divided by 1595?
66
What is the remainder when 4469963 is divided by 343842?
17
Calculate the remainder when 1438 is divided by 380.
298
What is the remainder when 2047725 is divided by 687?
465
What is the remainder when 31826854 is divided by 4342?
4336
Calculate the remainder when 772162 is divided by 30.
22
Calculate the remainder when 44462681 is divided by 8905.
16
Calculate the remainder when 249464 is divided by 15578.
216
Calculate the remainder when 183108 is divided by 1281.
1206
What is the remainder when 461575 is divided by 76912?
103
What is the remainder when 27559389 is divided by 3954?
9
Calculate the remainder when 5090547 is divided by 3259.
3248
What is the remainder when 136164 is divided by 334?
226
What is the remainder when 54262 is divided by 26708?
846
Calculate the remainder when 196460 is divided by 98226.
8
Calculate the remainder when 226183 is divided by 10738.
685
Calculate the remainder when 31933 is divided by 15599.
735
Calculate the remainder when 13073 is divided by 284.
9
Calculate the remainder when 2558691 is divided by 225.
216
What is the remainder when 64789 is divided by 361?
170
Calculate the remainder when 2039010036 is divided by 319.
316
What is the remainder when 28098960 is divided by 550960?
0
Calculate the remainder when 7092589 is divided by 8.
5
Calculate the remainder when 91099 is divided by 920.
19
Calculate the remainder when 37146 is divided by 18098.
950
Calculate the remainder when 8398899 is divided by 221023.
25
What is the remainder when 97864 is divided by 9784?
24
What is the remainder when 292843 is divided by 32416?
1099
What is the remainder when 10961468 is divided by 291?
80
What is the remainder when 34439 is divided by 1865?
869
Calculate the remainder when 155320 is divided by 273.
256
What is the remainder when 1452 is divided by 561?
330
Calculate the remainder when 248423 is divided by 57.
17
What is the remainder when 234990630 is divided by 118?
2
Calculate the remainder when 11703068 is divided by 21.
20
Calculate the remainder when 233556 is divided by 77813.
117
Calculate the remainder when 114103 is divided by 354.
115
What is the remainder when 314826419 is divided by 14?
5
What is the remainder when 668389 is divided by 132708?
4849
What is the remainder when 147267 is divided by 648?
171
Calculate the remainder when 320669 is divided by 104.
37
What is the remainder when 7627364 is divided by 157?
147
What is the remainder when 2963406 is divided by 898?
6
Calculate the remainder when 10778 is divided by 10.
8
What is the remainder when 1725051 is divided by 287494?
87
Calculate the remainder when 777018 is divided by 10500.
18
What is the remainder when 1155462 is divided by 25118?
34
What is the remainder when 7578146 is divided by 54129?
86
Calculate the remainder when 1352540 is divided by 5242.
104
Calculate the remainder when 15112097 is divided by 487487.
0
What is the remainder when 2106237 is divided by 1052842?
553
What is the remainder when 62563 is divided by 900?
463
What is the remainder when 67979 is divided by 473?
340
Calculate the remainder when 9346211 is divided by 9.
8
Calculate the remainder when 72409844 is divided by 379.
378
What is the remainder when 83776 is divided by 10464?
64
What is the remainder when 78207329 is divided by 318?
317
Calculate the remainder when 28452519 is divided by 706.
13
Calculate the remainder when 399761078 is divided by 2771.
2763
What is the remainder when 75909 is divided by 1079?
379
What is the remainder when 1086410 is divided by 100?
10
What is the remainder when 15992910 is divided by 45?
0
What is the remainder when 2636284 is divided by 32?
28
Calculate the remainder when 3315104 is divided by 620.
584
Calculate the remainder when 3625795 is divided by 724805.
1770
Calculate the remainder when 3558868 is divided by 4665.
4138
Calculate the remainder when 57421 is divided by 2601.
199
What is the remainder when 3591601 is divided by 3973?
9
What is the remainder when 8617342 is divided by 2872439?
25
Calculate the remainder when 48858 is divided by 16278.
24
Calculate the remainder when 68830182 is divided by 16747.
12
What is the remainder when 2577593 is divided by 859194?
11
What is the remainder when 1794713 is divided by 40?
33
Calculate the remainder when 50053809 is divided by 3237.
78
Calculate the remainder when 8819666 is divided by 4409809.
48
What is the remainder when 12049 is divided by 52?
37
Calculate the remainder when 4316049 is divided by 1866.
1857
What is the remainder when 26388235 is divided by 94?
85
What is the remainder when 23544 is divided by 11492?
560
Calculate the remainder when 634550 is divided by 210744.
2318
Calculate the remainder when 1665669 is divided by 154.
5
Calculate the remainder when 131223679 is divided by 35.
34
What is the remainder when 32429108 is divided by 1860?
8
What is the remainder when 1